708239?
857, 4327
List the prime factors of 1791840.
2, 3, 5, 3733
What are the prime factors of 99524?
2, 139, 179
List the prime factors of 62527.
31, 2017
What are the prime factors of 191816?
2, 23977
What are the prime factors of 5031056?
2, 314441
List the prime factors of 1323748.
2, 199, 1663
List the prime factors of 498884.
2, 124721
What are the prime factors of 902113?
53, 17021
List the prime factors of 91814.
2, 29, 1583
What are the prime factors of 1079514?
2, 3, 19991
List the prime factors of 1991763.
3, 71, 1039
What are the prime factors of 3041117?
3041117
What are the prime factors of 484609?
484609
What are the prime factors of 7041015?
3, 5, 156467
What are the prime factors of 3957093?
3, 7, 997
List the prime factors of 791263.
11, 71933
What are the prime factors of 6877803?
3, 2292601
What are the prime factors of 295839?
3, 10957
List the prime factors of 4054319.
131, 30949
List the prime factors of 3278845.
5, 53, 12373
What are the prime factors of 821062?
2, 11, 37321
List the prime factors of 1837209.
3, 11, 55673
What are the prime factors of 139477?
13, 10729
What are the prime factors of 4064013?
3, 131, 383
What are the prime factors of 5356258?
2, 17, 263, 599
List the prime factors of 10249521.
3, 17, 200971
List the prime factors of 12497630.
2, 5, 19, 65777
List the prime factors of 1387894.
2, 359, 1933
List the prime factors of 9236.
2, 2309
What are the prime factors of 7973692?
2, 19, 104917
List the prime factors of 265824.
2, 3, 13, 71
List the prime factors of 925368.
2, 3, 38557
What are the prime factors of 754550?
2, 5, 15091
What are the prime factors of 6917837?
199, 34763
What are the prime factors of 470715?
3, 5, 7, 4483
List the prime factors of 16977896.
2, 13, 163249
What are the prime factors of 593267?
383, 1549
List the prime factors of 37034847.
3, 1371661
List the prime factors of 5839926.
2, 3, 973321
List the prime factors of 11243982.
2, 3, 1103, 1699
What are the prime factors of 655376?
2, 40961
List the prime factors of 2046970.
2, 5, 17, 12041
List the prime factors of 1250948.
2, 312737
List the prime factors of 368496.
2, 3, 853
List the prime factors of 6382683.
3, 31, 22877
What are the prime factors of 1196?
2, 13, 23
What are the prime factors of 1506479?
13, 115883
What are the prime factors of 25544911?
7, 19, 29, 37, 179
What are the prime factors of 974548?
2, 19, 12823
List the prime factors of 27142011.
3, 13, 61, 3803
What are the prime factors of 11854578?
2, 3, 37, 67, 797
List the prime factors of 1002506.
2, 431, 1163
List the prime factors of 532898.
2, 266449
What are the prime factors of 1100890?
2, 5, 7, 15727
List the prime factors of 16685999.
11, 1516909
List the prime factors of 35491736.
2, 7, 633781
List the prime factors of 99324.
2, 3, 31, 89
List the prime factors of 4668836.
2, 1167209
What are the prime factors of 167841?
3, 17, 1097
What are the prime factors of 149225?
5, 47, 127
List the prime factors of 1213116.
2, 3, 43, 2351
What are the prime factors of 310326?
2, 3, 51721
What are the prime factors of 441590?
2, 5, 44159
List the prime factors of 8938546.
2, 103, 43391
What are the prime factors of 729160?
2, 5, 18229
What are the prime factors of 577764?
2, 3, 11, 1459
List the prime factors of 39577461.
3, 7, 11, 73, 2347
What are the prime factors of 1657493?
307, 5399
List the prime factors of 751362.
2, 3, 97, 1291
List the prime factors of 242614.
2, 29, 47, 89
What are the prime factors of 290720?
2, 5, 23, 79
List the prime factors of 372018.
2, 3, 62003
List the prime factors of 253213.
19, 13327
What are the prime factors of 17105850?
2, 3, 5, 12671
What are the prime factors of 2179536?
2, 3, 17, 2671
List the prime factors of 8187339.
3, 2729113
What are the prime factors of 952133?
7, 13, 10463
What are the prime factors of 206115?
3, 5, 7, 13, 151
What are the prime factors of 1765099?
7, 252157
List the prime factors of 518005.
5, 211, 491
List the prime factors of 17945603.
13, 106187
What are the prime factors of 3845659?
163, 23593
List the prime factors of 131845.
5, 7, 3767
What are the prime factors of 32085026?
2, 59, 127, 2141
List the prime factors of 3747603.
3, 1249201
List the prime factors of 2586234.
2, 3, 7, 139, 443
List the prime factors of 424093.
424093
List the prime factors of 1666592.
2, 52081
List the prime factors of 777370.
2, 5, 11, 37, 191
List the prime factors of 818635.
5, 17, 9631
List the prime factors of 6946729.
6946729
What are the prime factors of 6133574?
2, 3066787
List the prime factors of 452119.
431, 1049
What are the prime factors of 59749?
149, 401
What are the prime factors of 903231?
3, 7, 59
List the prime factors of 5918961.
3, 1972987
What are the prime factors of 610268?
2, 152567
List the prime factors of 328529.
19, 17291
List the prime factors of 296569.
7, 13, 3259
List the prime factors of 1076599.
31, 34729
List the prime factors of 832499.
832499
What are the prime factors of 9990561?
3, 7, 19, 73
What are the prime factors of 8841569?
11, 137, 5867
List the prime factors of 346563.
3, 7, 5501
List the prime factors of 4803915.
3, 5, 31, 10331
List the prime factors of 1666492.
2, 416623
List the prime factors of 902939.
449, 2011
What are the prime factors of 5033360?
2, 5, 17, 3701
List the prime factors of 4772002.
2, 17, 19, 83, 89
What are the prime factors of 249575?
5, 67, 149
What are the prime factors of 3179658?
2, 3, 23, 23041
List the prime factors of 307189.
307189
What are the prime factors of 2376634?
2, 13, 17, 19, 283
What are the prime factors of 2462723?
19, 227, 571
What are the prime factors of 102238?
2, 17, 31, 97
List the prime factors of 2952985.
5, 7, 17, 709
What are the prime factors of 6060235?
5, 1212047
What are the prime factors of 10899398?
2, 1433, 3803
List the prime factors of 2167760.
2, 5, 7, 79
What are the prime factors of 15842484?
2, 3, 7, 1283
What are the prime factors of 163110?
2, 3, 5, 5437
What are the prime factors of 273833?
7, 39119
List the prime factors of 407655.
3, 5, 9059
What are the prime factors of 5138706?
2, 3, 23, 1619
What are the prime factors of 7734232?
2, 11, 179, 491
List the prime factors of 923073.
3, 307691
What are the prime factors of 332888?
2, 41611
What are the prime factors of 1337754?
2, 3, 11, 20269
List the prime factors of 107301.
3, 47, 761
What are the prime factors of 7570813?
109, 69457
List the prime factors of 135177.
3, 7, 41, 157
What are the prime factors of 365026?
2, 229, 797
List the prime factors of 11996755.
5, 89, 26959
What are the prime factors of 19109042?
2, 9554521
What are the prime factors of 683491?
23, 29717
What are the prime factors of 6418865?
5, 19, 67567
List the prime factors of 199016.
2, 24877
List the prime factors of 3893669.
13, 299513
What are the prime factors of 17612534?
2, 41, 214787
What are the prime factors of 10796454?
2, 3, 599803
What are the prime factors of 181227?
3, 193, 313
List the prime factors of 576262.
2, 73, 3947
List the prime factors of 806305.
5, 131, 1231
List the prime factors of 194345.
5, 47, 827
What are the prime factors of 3391130?
2, 5, 113, 3001
What are the prime factors of 20062784?
2, 7, 19, 2357
What are the prime factors of 15254031?
3, 13, 79, 4951
List the prime factors of 324838.
2, 162419
List the prime factors of 4778800.
2, 5, 13, 919
What are the prime factors of 1762584?
2, 3, 271
List the prime factors of 5207171.
43, 83, 1459
List the prime factors of 563769.
3, 37, 1693
List the prime factors of 1985412.
2, 3, 11, 13, 89
List the prime factors of 1004547.
3, 17, 19697
List the prime factors of 2342172.
2, 3, 7, 27883
What are the prime factors of 5633468?
2, 1408367
What are the prime factors of 6671563?
97, 109, 631
List the prime factors of 668445.
3, 5, 44563
What are the prime factors of 27514876?
2, 421, 16339
List the prime factors of 73401.
3, 43, 569
What are the prime factors of 830040?
2, 3, 5, 6917
What are the prime factors of 374944?
2, 11717
What are the prime factors of 3756061?
23, 163307
What are the prime factors of 1003979?
19, 53, 997
List the prime factors of 850323.
3, 17, 16673
What are the prime factors of 293006?
2, 7, 20929
What are the prime factors of 1372339?
31, 4426